to base 11
23186
What is 1a020 (base 14) in base 8?
200534
What is -104214104 (base 6) in base 12?
-76a334
What is 2ab85 (base 16) in base 15?
36ca6
Convert 12546123 (base 7) to base 3.
2011122211010
13368 (base 13) to base 12
18829
-75135 (base 9) to base 7
-264566
131605601 (base 7) to base 8
40203373
Convert -2c0d8 (base 15) to base 10.
-141953
-1140053 (base 6) to base 11
-408a7
What is 32324005 (base 7) in base 15?
3987d7
What is -3000022012 (base 4) in base 5?
-200141303
Convert -364035 (base 11) to base 10.
-576361
What is 100101100022112 (base 3) in base 13?
105795b
Convert -12110011002 (base 3) to base 7.
-624515
-103342 (base 10) to base 14
-29938
What is 1121102101 (base 3) in base 12?
1639a
What is -86518 (base 11) in base 10?
-125738
201451 (base 7) to base 3
1201220021
Convert 2300013122 (base 5) to base 12.
184b3b6
Convert 2232310322 (base 4) to base 13.
1c0c2b
Convert -1c757b (base 13) to base 2.
-10110010010011101111
Convert 2418636 (base 12) to base 15.
934d5c
Convert -758513 (base 9) to base 5.
-103434042
What is 1c2a1 (base 13) in base 10?
55394
What is -1303002122 (base 4) in base 12?
-1a8822
-5172142 (base 8) to base 13
-3910c1
3d652 (base 16) to base 9
422855
1122212210000 (base 3) to base 6
30533430
Convert 1924326 (base 10) to base 7.
22233165
What is -10021010102 (base 3) in base 9?
-107112
Convert baa626 (base 14) to base 6.
343352202
Convert 325a11 (base 11) to base 3.
222102201211
Convert b3ab2 (base 13) to base 16.
4ec25
What is 10101000100010100111 (base 2) in base 3?
1022001222021
f5a68 (base 16) to base 13
292c9a
10101110101101111110 (base 2) to base 11
449748
-23415040 (base 6) to base 9
-1336856
Convert -1200220330 (base 4) to base 7.
-3236020
What is 182cb0 (base 13) in base 9?
1123667
Convert 5457020 (base 9) to base 4.
23023221333
What is -3663264 (base 12) in base 13?
-22660c0
Convert -2836 (base 10) to base 8.
-5424
155a459 (base 11) to base 3
12000100011012
Convert 1202121222101 (base 3) to base 5.
214444402
Convert 105435220 (base 6) to base 16.
1dbd7c
Convert 26902 (base 10) to base 12.
1369a
Convert -254400350 (base 6) to base 15.
-684903
Convert -211312001 (base 6) to base 9.
-6875331
What is 200111201100 (base 3) in base 2?
1011000111100000101
-102220100101 (base 3) to base 2
-111001001100010110
Convert -c7400 (base 13) to base 14.
-94a79
-156257 (base 9) to base 8
-274272
-427688 (base 14) to base 2
-1000100100111110111000
3354631 (base 7) to base 8
1456445
-221031002 (base 4) to base 16
-29342
Convert -1443211134 (base 5) to base 7.
-44665625
Convert 10101011010011000100110 (base 2) to base 4.
111122120212
-2505878 (base 9) to base 4
-11030220323
-12112121011 (base 3) to base 12
-53141
-11000316 (base 7) to base 2
-11100101110100101000
10b3aa (base 14) to base 12
235176
-114b90 (base 12) to base 10
-278172
Convert 475180 (base 11) to base 3.
1102021200110
Convert 27bdb (base 16) to base 12.
7a24b
Convert -11111010112121 (base 3) to base 11.
-1389337
Convert 13112310 (base 5) to base 10.
129080
What is -21101001212 (base 3) in base 13?
-51092
Convert -17b2e9 (base 16) to base 4.
-11323023221
-355612 (base 10) to base 4
-1112310130
What is -2215145 (base 6) in base 15?
-22ea5
-86cab (base 15) to base 14
-b2035
-2243e8 (base 16) to base 5
-1033324413
Convert 11220212111 (base 3) to base 15.
1da77
-5bcdbc (base 14) to base 16
-30064a
What is 209d9 (base 15) in base 5?
11302404
Convert -640611 (base 9) to base 11.
-240305
Convert 10501454 (base 6) to base 10.
319210
-36acd (base 16) to base 9
-371172
Convert 101110100010010 (base 2) to base 15.
70d6
-111221211122 (base 3) to base 6
-5515455
What is -88b9a3 (base 13) in base 12?
-10b6151
What is 2001220000202 (base 3) in base 12?
450755
Convert -1201221212121 (base 3) to base 16.
-e1a78
Convert 1337417 (base 8) to base 14.
9b355
-25256324 (base 7) to base 6
-120534125
Convert 2322530 (base 8) to base 3.
1012010011001
What is -5c06aa (base 15) in base 14?
-829901
Convert -18b04 (base 12) to base 11.
-25182
Convert -7a36 (base 15) to base 7.
-135405
-10221023121 (base 4) to base 2
-100101001001011011001
-320423130 (base 5) to base 16
-147b52
What is -10221220200 (base 3) in base 10?
-77940
What is -760341 (base 11) in base 4?
-10220301323
What is -82086 (base 10) in base 2?
-10100000010100110
What is 24135366 (base 7) in base 13?
5a0906
What is -1213568 (base 9) in base 6?
-22041442
Convert -236b29 (base 14) to base 4.
-10213103101
Convert -372638 (base 9) to base 14.
-5c033
What is -12231011212 (base 4) in base 14?
-33a70a
What is -311702 (base 8) in base 9?
-166706
Convert 1102011012101 (base 3) to base 9.
1364171
Convert -11839bb (base 12) to base 10.
-3407327
-238192 (base 12) to base 4
-2030013332
Convert 10210320032 (base 4) to base 10.
1199630
Convert 12216341 (base 9) to base 5.
3012201124
Convert 4444340434 (base 5) to base 7.
145655424
Convert 110054 (base 13) to base 16.
61a33
Convert 296479 (base 10) to base 4.
1020120133
What is 31a785 (base 11) in base 7?
4231561
Convert 3412432 (base 6) to base 2.
101010001110100100
3515 (base 10) to base 7
13151
Convert -e02585 (base 15) to base 12.
-3690b82
Convert 12615503 (base 8) to base 4.
22301231003
What is -1b85816 (base 13) in base 10?
-9151876
What is -641148 (base 10) in base 4?
-2130201330
-230113010 (base 4) to base 14
-4a308
What is 10210012020120 (base 3) in base 2?
111101011000101100000
What is 201184 (base 14) in base 3?
2000210201000
Convert b62958 (base 15) to base 5.
4204300413
What is 47cb9 (base 16) in base 8?
1076271
What is -4220111 (base 5) in base 10?
-70031
What is 100011110111111011010 (base 2) in base 11?
7331aa
3100233131 (base 5) to base 9
12688084
Convert -10311212 (base 5) to base 15.
-1b272
-15b86 (base 14) to base 9
-82565
Convert 1121220232 (base 4) to base 2.
1011001101000101110
What is -1322124 (base 5) in base 11?
-18a37
Convert 519d1 (base 14) to base 10.
196771
Convert 1002113012013 (base 4) to base 7.
300602334
-2c4ee (base 15) to base 14
-3a0d4
What is -2011421 (base 10) in base 15?
-29ae9b
-141933 (base 14) to base 8
-2517351
14100421102 (base 5) to base 6
1441233004
11356865 (base 10) to base 12
3978315
-3856641 (base 10) to base 7
-44531565
844087 (base 10) to base 15
11a177
What is 171158 (base 11) in base 12?
109479
Convert 88764 (base 10) to base 9.
144676
Convert 671353 (base 8) to base 11.
1448aa
What is -736000 (base 8) in base 14?
-65292
What is -222221121212 (base 3) in base 14?
-db446
-11022210210 (base 3) to base 14
-23064
251140405 (base 6) to base 5
2213144202
1011200 (base 6) to base 14
1381a
Convert 13303131030 (base 4) to base 5.
1010431042
What is -ca47b7 (base 14) in base 2?
-11010001000011111111101
-b8784 (base 14) to base 16
-6ce40
Convert -284736 (base 9) to base 6.
-3422010
Convert 2a660a (base 13) to base 14.
1d1c54
Convert -3121101030 (base 4) to base 16.
-d944c
Convert -17c284 (base 13) to base 11.
-379344
What is -10110001101110100 (base 2) in base 3?
-11121211020
Convert -123a69 (base 11) to base 9.
-327285
Convert 455142 (base 7) to base 6.
1423043
Convert -7264ac (base 14) to base 4.
-32232020320
Convert -1865440 (base 11) to base 8.
-14022066
Convert -15703 (base 8) to base 15.
-218c
What is -1111421302 (base 5) in base 3?
-11121112202112
-65431a4 (base 11) to base 6
-1050232433
What is -1252612 (base 8) in base 12?
-14a376
What is -322532 (base 6) in base 15?
-7d02
What is 9b405 (base 13) in base 10?
281897
Convert 502056 (base 12) to base 13.
348b97
Convert 47d92f (base 16) to base 13.
c8b2b3
What is 12100101112 (base 3) in base 4?
121230230
What is -3131035 (base 6) in base 16?
-2513f
-c1c22 (base 15) to base 9
-1134635
Convert 3201323323 (base 4) to base 14.
1a1387
What is 210212100110200 (base 3) in base 8?
54247041
5c1a (base 14) to base 13
7432
What is -2a9762 (base 11) in base 10?
-481406
What is 14463515 (base 7) in base 9?
2527865
Convert 59100 (base 12) to base 4.
131021100
-5302564 (base 11) to base 3
-122120201222000
What is -7524805 (base 11) in base 5?
-11342214021
Convert -2200122020 (base 3) to base 4.
-30323121
202031003110 (base 4) to base 6
520102524
Convert -3d5fc (base 16) to base 10.
-251388
-104a59 (base 12) to base 7
-2121003
Convert -319216 (base 12) to base 15.
-107060
What is -100032331212 (base 4) 